r when 1398 is divided by 47?
35
What is the remainder when 8966 is divided by 30?
26
What is the remainder when 33407 is divided by 514?
511
What is the remainder when 32472 is divided by 92?
88
What is the remainder when 480 is divided by 317?
163
Calculate the remainder when 1306 is divided by 69.
64
Calculate the remainder when 501 is divided by 42.
39
What is the remainder when 70 is divided by 8?
6
What is the remainder when 2570 is divided by 23?
17
Calculate the remainder when 411 is divided by 80.
11
Calculate the remainder when 1906 is divided by 33.
25
Calculate the remainder when 20219 is divided by 6737.
8
Calculate the remainder when 174 is divided by 77.
20
What is the remainder when 731 is divided by 7?
3
Calculate the remainder when 4283 is divided by 9.
8
Calculate the remainder when 111 is divided by 30.
21
What is the remainder when 611 is divided by 34?
33
Calculate the remainder when 36173 is divided by 31.
27
What is the remainder when 71 is divided by 6?
5
What is the remainder when 244 is divided by 19?
16
What is the remainder when 1979 is divided by 99?
98
Calculate the remainder when 90 is divided by 39.
12
Calculate the remainder when 98 is divided by 34.
30
What is the remainder when 2374 is divided by 170?
164
Calculate the remainder when 46 is divided by 24.
22
What is the remainder when 28 is divided by 4?
0
Calculate the remainder when 385 is divided by 73.
20
Calculate the remainder when 278 is divided by 67.
10
Calculate the remainder when 799 is divided by 40.
39
What is the remainder when 202 is divided by 29?
28
What is the remainder when 859 is divided by 30?
19
Calculate the remainder when 130 is divided by 12.
10
Calculate the remainder when 4747 is divided by 19.
16
What is the remainder when 1829 is divided by 263?
251
Calculate the remainder when 49 is divided by 17.
15
Calculate the remainder when 284 is divided by 57.
56
What is the remainder when 18236 is divided by 80?
76
What is the remainder when 126 is divided by 27?
18
What is the remainder when 36747 is divided by 15?
12
What is the remainder when 111 is divided by 78?
33
What is the remainder when 10516 is divided by 7?
2
Calculate the remainder when 3211 is divided by 3197.
14
Calculate the remainder when 221 is divided by 28.
25
What is the remainder when 458 is divided by 42?
38
Calculate the remainder when 243 is divided by 46.
13
Calculate the remainder when 387 is divided by 28.
23
Calculate the remainder when 558 is divided by 103.
43
What is the remainder when 144 is divided by 39?
27
Calculate the remainder when 1087 is divided by 5.
2
Calculate the remainder when 482 is divided by 108.
50
What is the remainder when 154 is divided by 53?
48
Calculate the remainder when 470 is divided by 101.
66
What is the remainder when 190 is divided by 105?
85
Calculate the remainder when 61 is divided by 48.
13
Calculate the remainder when 2148 is divided by 349.
54
Calculate the remainder when 1650 is divided by 7.
5
What is the remainder when 2547 is divided by 50?
47
What is the remainder when 9298 is divided by 31?
29
Calculate the remainder when 425 is divided by 157.
111
What is the remainder when 2858 is divided by 44?
42
Calculate the remainder when 22199 is divided by 25.
24
What is the remainder when 500 is divided by 158?
26
Calculate the remainder when 10778 is divided by 77.
75
What is the remainder when 74 is divided by 40?
34
What is the remainder when 16 is divided by 3?
1
What is the remainder when 252 is divided by 8?
4
What is the remainder when 852 is divided by 9?
6
What is the remainder when 918 is divided by 161?
113
What is the remainder when 54 is divided by 36?
18
What is the remainder when 6374 is divided by 22?
16
Calculate the remainder when 459 is divided by 146.
21
What is the remainder when 3089 is divided by 1539?
11
What is the remainder when 8929 is divided by 10?
9
Calculate the remainder when 1899 is divided by 50.
49
What is the remainder when 74 is divided by 25?
24
Calculate the remainder when 65 is divided by 47.
18
Calculate the remainder when 353 is divided by 129.
95
What is the remainder when 1454 is divided by 26?
24
Calculate the remainder when 805 is divided by 30.
25
Calculate the remainder when 97 is divided by 10.
7
Calculate the remainder when 663 is divided by 31.
12
Calculate the remainder when 1494 is divided by 22.
20
Calculate the remainder when 33 is divided by 19.
14
Calculate the remainder when 2969 is divided by 135.
134
What is the remainder when 371 is divided by 116?
23
What is the remainder when 3571 is divided by 149?
144
Calculate the remainder when 59 is divided by 32.
27
Calculate the remainder when 241 is divided by 212.
29
What is the remainder when 120 is divided by 31?
27
What is the remainder when 18731 is divided by 11?
9
What is the remainder when 243 is divided by 41?
38
What is the remainder when 113 is divided by 54?
5
Calculate the remainder when 284 is divided by 63.
32
Calculate the remainder when 1400 is divided by 700.
0
What is the remainder when 70 is divided by 37?
33
What is the remainder when 1792 is divided by 13?
11
What is the remainder when 1385 is divided by 176?
153
Calculate the remainder when 992 is divided by 330.
2
Calculate the remainder when 20984 is divided by 22.
18
What is the remainder when 100 is divided by 12?
4
What is the remainder when 2620 is divided by 114?
112
What is the remainder when 162 is divided by 12?
6
Calculate the remainder when 520 is divided by 29.
27
What is the remainder when 581 is divided by 11?
9
What is the remainder when 1288 is divided by 220?
188
What is the remainder when 1219 is divided by 111?
109
What is the remainder when 1141 is divided by 560?
21
Calculate the remainder when 148 is divided by 22.
16
Calculate the remainder when 423 is divided by 51.
15
Calculate the remainder when 355 is divided by 121.
113
Calculate the remainder when 746 is divided by 2.
0
What is the remainder when 456 is divided by 23?
19
Calculate the remainder when 1198 is divided by 60.
58
Calculate the remainder when 1055 is divided by 72.
47
What is the remainder when 2591 is divided by 81?
80
What is the remainder when 1061 is divided by 15?
11
Calculate the remainder when 118 is divided by 20.
18
Calculate the remainder when 44619 is divided by 23.
22
Calculate the remainder when 495 is divided by 31.
30
What is the remainder when 4426 is divided by 82?
80
Calculate the remainder when 2159 is divided by 4.
3
Calculate the remainder when 865 is divided by 425.
15
Calculate the remainder when 76 is divided by 12.
4
Calculate the remainder when 90 is divided by 26.
12
Calculate the remainder when 661 is divided by 6.
1
Calculate the remainder when 3281 is divided by 67.
65
Calculate the remainder when 916 is divided by 42.
34
What is the remainder when 1358 is divided by 6?
2
What is the remainder when 344 is divided by 101?
41
What is the remainder when 1212 is divided by 15?
12
Calculate the remainder when 178 is divided by 26.
22
Calculate the remainder when 1432 is divided by 35.
32
What is the remainder when 142 is divided by 31?
18
Calculate the remainder when 2412 is divided by 35.
32
Calculate the remainder when 1740 is divided by 16.
12
Calculate the remainder when 2158 is divided by 80.
78
What is the remainder when 21544 is divided by 29?
26
Calculate the remainder when 316 is divided by 64.
60
What is the remainder when 2855 is divided by 56?
55
Calculate the remainder when 160 is divided by 27.
25
Calculate the remainder when 230 is divided by 39.
35
Calculate the remainder when 15 is divided by 12.
3
Calculate the remainder when 135 is divided by 55.
25
Calculate the remainder when 310 is divided by 27.
13
What is the remainder when 18926 is divided by 26?
24
What is the remainder when 115 is divided by 23?
0
What is the remainder when 4689 is divided by 17?
14
What is the remainder when 1195 is divided by 28?
19
Calculate the remainder when 224 is divided by 118.
106
Calculate the remainder when 15703 is divided by 26.
25
Calculate the remainder when 516 is divided by 175.
166
Calculate the remainder when 296 is divided by 260.
36
What is the remainder when 96 is divided by 32?
0
What is the remainder when 9652